hat is the ten thousands digit of 3300127?
0
What is the units digit of 4680581?
1
What is the ten millions digit of 11229309?
1
What is the tens digit of 286227?
2
What is the units digit of 430443?
3
What is the hundred thousands digit of 3723558?
7
What is the tens digit of 763036?
3
What is the hundreds digit of 15668139?
1
What is the tens digit of 1214453?
5
What is the hundred thousands digit of 150909?
1
What is the hundreds digit of 1028296?
2
What is the hundred thousands digit of 370155?
3
What is the thousands digit of 8066582?
6
What is the hundreds digit of 342593?
5
What is the thousands digit of 32795402?
5
What is the tens digit of 49287?
8
What is the ten thousands digit of 585135?
8
What is the hundreds digit of 1860899?
8
What is the hundred thousands digit of 133738?
1
What is the millions digit of 1573175?
1
What is the units digit of 170900?
0
What is the units digit of 161500?
0
What is the hundred thousands digit of 1101110?
1
What is the hundreds digit of 501741?
7
What is the ten thousands digit of 578055?
7
What is the hundreds digit of 19931975?
9
What is the hundreds digit of 738083?
0
What is the units digit of 2784377?
7
What is the thousands digit of 6468779?
8
What is the thousands digit of 188904?
8
What is the ten thousands digit of 619843?
1
What is the tens digit of 1252827?
2
What is the tens digit of 5912292?
9
What is the thousands digit of 9726323?
6
What is the hundred thousands digit of 2196809?
1
What is the units digit of 182093?
3
What is the thousands digit of 739654?
9
What is the ten thousands digit of 308815?
0
What is the units digit of 90212?
2
What is the units digit of 685895?
5
What is the hundreds digit of 787042?
0
What is the tens digit of 27049?
4
What is the thousands digit of 324458?
4
What is the thousands digit of 173560?
3
What is the thousands digit of 1148757?
8
What is the ten thousands digit of 198158?
9
What is the units digit of 147915?
5
What is the units digit of 499166?
6
What is the tens digit of 423710?
1
What is the units digit of 426322?
2
What is the units digit of 35241477?
7
What is the ten thousands digit of 865586?
6
What is the tens digit of 2106528?
2
What is the hundred thousands digit of 13627536?
6
What is the tens digit of 323953?
5
What is the hundreds digit of 27786?
7
What is the hundreds digit of 16127656?
6
What is the ten thousands digit of 745034?
4
What is the thousands digit of 78630?
8
What is the ten thousands digit of 3901501?
0
What is the hundred thousands digit of 7098271?
0
What is the units digit of 1097929?
9
What is the tens digit of 1286626?
2
What is the tens digit of 151453?
5
What is the ten thousands digit of 11608247?
0
What is the ten thousands digit of 613275?
1
What is the thousands digit of 111170?
1
What is the hundreds digit of 651735?
7
What is the tens digit of 144734?
3
What is the units digit of 95386?
6
What is the hundred thousands digit of 5950379?
9
What is the tens digit of 113657?
5
What is the millions digit of 11851987?
1
What is the thousands digit of 160149?
0
What is the ten thousands digit of 11983?
1
What is the ten thousands digit of 41272?
4
What is the hundreds digit of 4532365?
3
What is the units digit of 2531966?
6
What is the units digit of 5202092?
2
What is the hundreds digit of 193796?
7
What is the hundred thousands digit of 2315162?
3
What is the units digit of 2821462?
2
What is the units digit of 4381870?
0
What is the millions digit of 4721872?
4
What is the hundred thousands digit of 12486464?
4
What is the units digit of 378626?
6
What is the millions digit of 12402935?
2
What is the ten thousands digit of 6044257?
4
What is the hundreds digit of 911672?
6
What is the units digit of 4077045?
5
What is the units digit of 1115395?
5
What is the units digit of 694876?
6
What is the hundred thousands digit of 24765244?
7
What is the thousands digit of 3964191?
4
What is the hundreds digit of 397245?
2
What is the ten millions digit of 10422959?
1
What is the ten thousands digit of 292040?
9
What is the tens digit of 1022497?
9
What is the ten millions digit of 25650088?
2
What is the hundreds digit of 79113?
1
What is the hundreds digit of 1194434?
4
What is the tens digit of 1472222?
2
What is the tens digit of 4467492?
9
What is the units digit of 2653070?
0
What is the thousands digit of 12537215?
7
What is the hundreds digit of 1465?
4
What is the ten thousands digit of 4883507?
8
What is the hundreds digit of 85294?
2
What is the thousands digit of 114583?
4
What is the thousands digit of 119383?
9
What is the tens digit of 6694446?
4
What is the ten thousands digit of 8584057?
8
What is the millions digit of 2813430?
2
What is the tens digit of 1135159?
5
What is the tens digit of 2734410?
1
What is the ten thousands digit of 157826?
5
What is the millions digit of 1170847?
1
What is the ten millions digit of 28473931?
2
What is the ten thousands digit of 12719511?
1
What is the units digit of 320601?
1
What is the units digit of 7780131?
1
What is the millions digit of 3827985?
3
What is the millions digit of 4504790?
4
What is the units digit of 1171186?
6
What is the ten thousands digit of 543925?
4
What is the ten thousands digit of 7464172?
6
What is the thousands digit of 16001910?
1
What is the hundreds digit of 658855?
8
What is the units digit of 166?
6
What is the tens digit of 495943?
4
What is the thousands digit of 145341?
5
What is the ten thousands digit of 579076?
7
What is the units digit of 68542?
2
What is the ten thousands digit of 458742?
5
What is the hundreds digit of 28647?
6
What is the ten thousands digit of 7359965?
5
What is the ten thousands digit of 402507?
0
What is the hundreds digit of 34533193?
1
What is the hundreds digit of 71177?
1
What is the hundred thousands digit of 10424722?
4
What is the ten thousands digit of 9468584?
6
What is the hundreds digit of 259619?
6
What is the ten thousands digit of 5172411?
7
What is the tens digit of 23595458?
5
What is the tens digit of 922429?
2
What is the thousands digit of 23208537?
8
What is the units digit of 266174?
4
What is the thousands digit of 600666?
0
What is the ten thousands digit of 7774522?
7
What is the ten thousands digit of 907688?
0
What is the millions digit of 3518076?
3
What is the thousands digit of 265001?
5
What is the hundreds digit of 245763?
7
What is the millions digit of 37952174?
7
What is the ten thousands digit of 8841704?
4
What is the units digit of 1723881?
1
What is the tens digit of 57689?
8
What is the ten millions digit of 24269565?
2
What is the hundred thousands digit of 805079?
8
What is the thousands digit of 97431?
7
What is the units digit of 723381?
1
What is the hundred thousands digit of 421391?
4
What is the tens digit of 4506564?
6
What is the hundred thousands digit of 265670?
2
What is the ten thousands digit of 60776?
6
What is the ten thousands digit of 13377532?
7
What is the units digit of 526746?
6
What is the tens digit of 1899743?
4
What is the ten thousands digit of 1266765?
6
What is the hundreds digit of 18011371?
3
What is the hundreds digit of 348668?
6
What is the hundreds digit of 528948?
9
What is the units digit of 53827?
7
What is the ten thousands digit of 3728722?
2
What is the units digit of 388286?
6
What is the millions digit of 2216355?
2
What is the thousands digit of 3002?
3
What is the tens digit of 57231?
3
What is the units digit of 1635578?
8
What is the tens digit of 230703?
0
What is the tens digit of 20982190?
9
What is the tens digit of 292955?
5
What is the tens digit of 3341600?
0
What is the hundreds digit of 1898164?
1
What is the hundreds digit of 3777149?
1
What is the units digit of 848988?
8
What is the ten thousands digit of 316749?
1
What is the thousands digit of 6170738?
0
What is the tens digit of 11850671?
7
What is the ten thousands digit of 134608?
3
What is the units digit of 131737?
7
What is the units digit of 3727556?
6
What is the hundred thousands digit of 4496508?
4
What is the ten thousands digit of 2592126?
9
What is the thousands digit of 1130773?
0
What is the units digit of 2323369?
9
What is the units digit of 38533073?
3
What is the millions digit of 28937680?
8
What is the thousands digit of 25